{"id":18760,"date":"2025-03-15T15:44:07","date_gmt":"2025-03-15T14:44:07","guid":{"rendered":"https:\/\/www.philodefi.fr\/?page_id=18760"},"modified":"2025-11-16T14:26:10","modified_gmt":"2025-11-16T13:26:10","slug":"philodefi-lettres","status":"publish","type":"page","link":"https:\/\/www.philodefi.fr\/index.php\/philodefi-lettres\/","title":{"rendered":"Philod\u00e9fi LETTRES"},"content":{"rendered":"<div style=\"width: 100%; background-color: #fff5e3; text-align: center;\"><img decoding=\"async\" style=\"height: 20vh; width: auto;\" src=\"https:\/\/www.philodefi.fr\/wp-content\/uploads\/2025\/03\/logo_philodefi-lettres_01@2x.png\" \/><\/div>\n<div class=\"main\">\n<div class=\"container\">\n<div style=\"padding-top: 2em; text-align: center;\">Philod\u00e9fi se d\u00e9cline bient\u00f4t pour la litt\u00e9rature !<\/div>\n<h3 style=\"text-align: center;\"><strong>D\u00e9couvrez la carte d&rsquo;Hom\u00e8re<\/strong><\/h3>\n<div style=\"width: 100%; text-align: center;\"><img loading=\"lazy\" decoding=\"async\" src=\"https:\/\/www.philodefi.fr\/wp-content\/uploads\/2025\/03\/philodefi-lettres_homere_recto.jpg\" alt=\"\" width=\"474\" height=\"711\" class=\"alignnone size-full wp-image-18769\" srcset=\"https:\/\/www.philodefi.fr\/wp-content\/uploads\/2025\/03\/philodefi-lettres_homere_recto.jpg 474w, https:\/\/www.philodefi.fr\/wp-content\/uploads\/2025\/03\/philodefi-lettres_homere_recto-200x300.jpg 200w\" sizes=\"auto, (max-width: 474px) 100vw, 474px\" \/> <img loading=\"lazy\" decoding=\"async\" src=\"https:\/\/www.philodefi.fr\/wp-content\/uploads\/2025\/03\/philodefi-lettres_homere_verso.jpg\" alt=\"\" width=\"473\" height=\"710\" class=\"alignnone size-full wp-image-18770\" srcset=\"https:\/\/www.philodefi.fr\/wp-content\/uploads\/2025\/03\/philodefi-lettres_homere_verso.jpg 473w, https:\/\/www.philodefi.fr\/wp-content\/uploads\/2025\/03\/philodefi-lettres_homere_verso-200x300.jpg 200w\" sizes=\"auto, (max-width: 473px) 100vw, 473px\" \/><\/div>\n<p><!-- VOLTAIRE --><\/p>\n<h3 style=\"text-align: center;\"><strong>D\u00e9couvrez la carte Voltaire<\/strong><\/h3>\n<div style=\"width: 100%; text-align: center;\"><img loading=\"lazy\" decoding=\"async\" src=\"https:\/\/www.philodefi.fr\/wp-content\/uploads\/2025\/06\/philodefi-lettres_voltaire_recto.jpg\" alt=\"\" width=\"494\" height=\"714\" class=\"alignnone wp-image-19465 size-full\" srcset=\"https:\/\/www.philodefi.fr\/wp-content\/uploads\/2025\/06\/philodefi-lettres_voltaire_recto.jpg 494w, https:\/\/www.philodefi.fr\/wp-content\/uploads\/2025\/06\/philodefi-lettres_voltaire_recto-208x300.jpg 208w\" sizes=\"auto, (max-width: 494px) 100vw, 494px\" \/> <img loading=\"lazy\" decoding=\"async\" src=\"https:\/\/www.philodefi.fr\/wp-content\/uploads\/2025\/06\/philodefi-lettres_voltaire_verso.jpg\" alt=\"\" width=\"488\" height=\"726\" class=\"alignnone wp-image-19466 size-full\" srcset=\"https:\/\/www.philodefi.fr\/wp-content\/uploads\/2025\/06\/philodefi-lettres_voltaire_verso.jpg 488w, https:\/\/www.philodefi.fr\/wp-content\/uploads\/2025\/06\/philodefi-lettres_voltaire_verso-202x300.jpg 202w\" sizes=\"auto, (max-width: 488px) 100vw, 488px\" \/><\/div>\n<div style=\"width: 100%; text-align: center;\"><\/div>\n<div style=\"text-align: center; font-size: 1.25em;\">Bient\u00f4t la suite de Philod\u00e9fi Lettres par B\u00e9n\u00e9dicte Marcireau !<br \/>\n<b>Vous pouvez nous indiquer vos coordonn\u00e9es pour que nous vous contactions lorsque la version Lettres sera disponible : <\/b><\/div>\n<div style=\"padding-top: 2em;\">\n<div class=\"wpcf7 no-js\" id=\"wpcf7-f105-o1\" lang=\"fr-FR\" dir=\"ltr\" data-wpcf7-id=\"105\">\n<div class=\"screen-reader-response\"><p role=\"status\" aria-live=\"polite\" aria-atomic=\"true\"><\/p> <ul><\/ul><\/div>\n<form action=\"\/index.php\/wp-json\/wp\/v2\/pages\/18760#wpcf7-f105-o1\" method=\"post\" class=\"wpcf7-form init\" aria-label=\"Formulaire de contact\" novalidate=\"novalidate\" data-status=\"init\">\n<div style=\"display: none;\">\n<input type=\"hidden\" name=\"_wpcf7\" value=\"105\" \/>\n<input type=\"hidden\" name=\"_wpcf7_version\" value=\"6.0.1\" \/>\n<input type=\"hidden\" name=\"_wpcf7_locale\" value=\"fr_FR\" \/>\n<input type=\"hidden\" name=\"_wpcf7_unit_tag\" value=\"wpcf7-f105-o1\" \/>\n<input type=\"hidden\" name=\"_wpcf7_container_post\" value=\"0\" \/>\n<input type=\"hidden\" name=\"_wpcf7_posted_data_hash\" value=\"\" \/>\n<input type=\"hidden\" name=\"_wpcf7_recaptcha_response\" value=\"\" \/>\n<\/div>\n<p><label> Votre nom<br \/>\n<span class=\"wpcf7-form-control-wrap\" data-name=\"your-name\"><input size=\"40\" maxlength=\"400\" class=\"wpcf7-form-control wpcf7-text wpcf7-validates-as-required\" aria-required=\"true\" aria-invalid=\"false\" value=\"\" type=\"text\" name=\"your-name\" \/><\/span> <\/label>\n<\/p>\n<p><label> Votre adresse de messagerie<br \/>\n<span class=\"wpcf7-form-control-wrap\" data-name=\"your-email\"><input size=\"40\" maxlength=\"400\" class=\"wpcf7-form-control wpcf7-email wpcf7-validates-as-required wpcf7-text wpcf7-validates-as-email\" aria-required=\"true\" aria-invalid=\"false\" value=\"\" type=\"email\" name=\"your-email\" \/><\/span> <\/label>\n<\/p>\n<p><label> T\u00e9l\u00e9phone (optionnel)<br \/>\n<span class=\"wpcf7-form-control-wrap\" data-name=\"your-phone\"><input size=\"40\" maxlength=\"400\" class=\"wpcf7-form-control wpcf7-tel wpcf7-text wpcf7-validates-as-tel\" aria-invalid=\"false\" value=\"\" type=\"tel\" name=\"your-phone\" \/><\/span><br \/>\n<\/label>\n<\/p>\n<p><label> Vous \u00eates...<br \/>\n<span class=\"wpcf7-form-control-wrap\" data-name=\"your-profile\"><select class=\"wpcf7-form-control wpcf7-select\" aria-invalid=\"false\" name=\"your-profile\"><option value=\"\">&#8212;Veuillez choisir une option&#8212;<\/option><option value=\"Parent\">Parent<\/option><option value=\"Enseignant\">Enseignant<\/option><option value=\"Etudiant\">Etudiant<\/option><option value=\"Autre\">Autre<\/option><\/select><\/span><br \/>\n<\/label>\n<\/p>\n<p><span id=\"wpcf7-69f5b2e514759-wrapper\" class=\"wpcf7-form-control-wrap profil-wrap\" ><label for=\"wpcf7-69f5b2e514759-field\" class=\"hp-message\">Veuillez laisser ce champ vide.<\/label><input id=\"wpcf7-69f5b2e514759-field\"  placeholder=\"titre\"  class=\"wpcf7-form-control wpcf7-text\" type=\"text\" name=\"profil\" value=\"\" size=\"40\" tabindex=\"-1\" autocomplete=\"new-password\" \/><\/span>\n<\/p>\n<p><label> Votre message<br \/>\n<span class=\"wpcf7-form-control-wrap\" data-name=\"your-message\"><textarea cols=\"40\" rows=\"10\" maxlength=\"2000\" class=\"wpcf7-form-control wpcf7-textarea\" aria-invalid=\"false\" name=\"your-message\"><\/textarea><\/span> <\/label>\n<\/p>\n<p><input class=\"wpcf7-form-control wpcf7-submit has-spinner\" type=\"submit\" value=\"Envoyer\" \/>\n<\/p><input type='hidden' class='wpcf7-pum' value='{\"closepopup\":false,\"closedelay\":0,\"openpopup\":false,\"openpopup_id\":0}' \/><div class=\"wpcf7-response-output\" aria-hidden=\"true\"><\/div>\n<\/form>\n<\/div>\n<\/div>\n<\/div>\n<\/div>\n","protected":false},"excerpt":{"rendered":"<p>Philod\u00e9fi se d\u00e9cline bient\u00f4t pour la litt\u00e9rature ! D\u00e9couvrez la carte d&rsquo;Hom\u00e8re D\u00e9couvrez la carte Voltaire Bient\u00f4t la suite de Philod\u00e9fi Lettres par B\u00e9n\u00e9dicte Marcireau ! Vous pouvez nous indiquer vos coordonn\u00e9es pour que nous vous contactions lorsque la version Lettres sera disponible :<\/p>\n","protected":false},"author":1,"featured_media":18762,"parent":0,"menu_order":0,"comment_status":"closed","ping_status":"closed","template":"page-templates\/template-pagebuilder-full-width.php","meta":{"jetpack_post_was_ever_published":false,"footnotes":""},"class_list":["post-18760","page","type-page","status-publish","has-post-thumbnail","hentry"],"yoast_head":"<!-- This site is optimized with the Yoast SEO plugin v24.0 - https:\/\/yoast.com\/wordpress\/plugins\/seo\/ -->\n<title>Philod\u00e9fi LETTRES - Philod\u00e9fi<\/title>\n<meta name=\"robots\" content=\"index, follow, max-snippet:-1, max-image-preview:large, max-video-preview:-1\" \/>\n<link rel=\"canonical\" href=\"https:\/\/www.philodefi.fr\/index.php\/philodefi-lettres\/\" \/>\n<meta property=\"og:locale\" content=\"fr_FR\" \/>\n<meta property=\"og:type\" content=\"article\" \/>\n<meta property=\"og:title\" content=\"Philod\u00e9fi LETTRES - Philod\u00e9fi\" \/>\n<meta property=\"og:description\" content=\"Philod\u00e9fi se d\u00e9cline bient\u00f4t pour la litt\u00e9rature ! D\u00e9couvrez la carte d&rsquo;Hom\u00e8re D\u00e9couvrez la carte Voltaire Bient\u00f4t la suite de Philod\u00e9fi Lettres par B\u00e9n\u00e9dicte Marcireau ! Vous pouvez nous indiquer vos coordonn\u00e9es pour que nous vous contactions lorsque la version Lettres sera disponible :\" \/>\n<meta property=\"og:url\" content=\"https:\/\/www.philodefi.fr\/index.php\/philodefi-lettres\/\" \/>\n<meta property=\"og:site_name\" content=\"Philod\u00e9fi\" \/>\n<meta property=\"article:publisher\" content=\"https:\/\/fr-fr.facebook.com\/Philodefi\/\" \/>\n<meta property=\"article:modified_time\" content=\"2025-11-16T13:26:10+00:00\" \/>\n<meta property=\"og:image\" content=\"https:\/\/www.philodefi.fr\/wp-content\/uploads\/2025\/03\/logo_philodefi-lettres_01@2x.png\" \/>\n\t<meta property=\"og:image:width\" content=\"676\" \/>\n\t<meta property=\"og:image:height\" content=\"318\" \/>\n\t<meta property=\"og:image:type\" content=\"image\/png\" \/>\n<meta name=\"twitter:card\" content=\"summary_large_image\" \/>\n<meta name=\"twitter:label1\" content=\"Dur\u00e9e de lecture estim\u00e9e\" \/>\n\t<meta name=\"twitter:data1\" content=\"2 minutes\" \/>\n<script type=\"application\/ld+json\" class=\"yoast-schema-graph\">{\"@context\":\"https:\/\/schema.org\",\"@graph\":[{\"@type\":\"WebPage\",\"@id\":\"https:\/\/www.philodefi.fr\/index.php\/philodefi-lettres\/\",\"url\":\"https:\/\/www.philodefi.fr\/index.php\/philodefi-lettres\/\",\"name\":\"Philod\u00e9fi LETTRES - Philod\u00e9fi\",\"isPartOf\":{\"@id\":\"https:\/\/www.philodefi.fr\/#website\"},\"primaryImageOfPage\":{\"@id\":\"https:\/\/www.philodefi.fr\/index.php\/philodefi-lettres\/#primaryimage\"},\"image\":{\"@id\":\"https:\/\/www.philodefi.fr\/index.php\/philodefi-lettres\/#primaryimage\"},\"thumbnailUrl\":\"https:\/\/www.philodefi.fr\/wp-content\/uploads\/2025\/03\/logo_philodefi-lettres_01@2x.png\",\"datePublished\":\"2025-03-15T14:44:07+00:00\",\"dateModified\":\"2025-11-16T13:26:10+00:00\",\"breadcrumb\":{\"@id\":\"https:\/\/www.philodefi.fr\/index.php\/philodefi-lettres\/#breadcrumb\"},\"inLanguage\":\"fr-FR\",\"potentialAction\":[{\"@type\":\"ReadAction\",\"target\":[\"https:\/\/www.philodefi.fr\/index.php\/philodefi-lettres\/\"]}]},{\"@type\":\"ImageObject\",\"inLanguage\":\"fr-FR\",\"@id\":\"https:\/\/www.philodefi.fr\/index.php\/philodefi-lettres\/#primaryimage\",\"url\":\"https:\/\/www.philodefi.fr\/wp-content\/uploads\/2025\/03\/logo_philodefi-lettres_01@2x.png\",\"contentUrl\":\"https:\/\/www.philodefi.fr\/wp-content\/uploads\/2025\/03\/logo_philodefi-lettres_01@2x.png\",\"width\":676,\"height\":318},{\"@type\":\"BreadcrumbList\",\"@id\":\"https:\/\/www.philodefi.fr\/index.php\/philodefi-lettres\/#breadcrumb\",\"itemListElement\":[{\"@type\":\"ListItem\",\"position\":1,\"name\":\"Accueil\",\"item\":\"https:\/\/www.philodefi.fr\/\"},{\"@type\":\"ListItem\",\"position\":2,\"name\":\"Philod\u00e9fi LETTRES\"}]},{\"@type\":\"WebSite\",\"@id\":\"https:\/\/www.philodefi.fr\/#website\",\"url\":\"https:\/\/www.philodefi.fr\/\",\"name\":\"Philod\u00e9fi\",\"description\":\"Le jeu pour apprendre la philosophie autrement\",\"publisher\":{\"@id\":\"https:\/\/www.philodefi.fr\/#organization\"},\"potentialAction\":[{\"@type\":\"SearchAction\",\"target\":{\"@type\":\"EntryPoint\",\"urlTemplate\":\"https:\/\/www.philodefi.fr\/?s={search_term_string}\"},\"query-input\":{\"@type\":\"PropertyValueSpecification\",\"valueRequired\":true,\"valueName\":\"search_term_string\"}}],\"inLanguage\":\"fr-FR\"},{\"@type\":\"Organization\",\"@id\":\"https:\/\/www.philodefi.fr\/#organization\",\"name\":\"Philod\u00e9fi\",\"url\":\"https:\/\/www.philodefi.fr\/\",\"logo\":{\"@type\":\"ImageObject\",\"inLanguage\":\"fr-FR\",\"@id\":\"https:\/\/www.philodefi.fr\/#\/schema\/logo\/image\/\",\"url\":\"https:\/\/www.philodefi.fr\/wp-content\/uploads\/2018\/10\/logo_philodefi-1.png\",\"contentUrl\":\"https:\/\/www.philodefi.fr\/wp-content\/uploads\/2018\/10\/logo_philodefi-1.png\",\"width\":678,\"height\":222,\"caption\":\"Philod\u00e9fi\"},\"image\":{\"@id\":\"https:\/\/www.philodefi.fr\/#\/schema\/logo\/image\/\"},\"sameAs\":[\"https:\/\/fr-fr.facebook.com\/Philodefi\/\",\"https:\/\/www.youtube.com\/channel\/UC_3N0HKscicsk2AIa0fP-tg\"]}]}<\/script>\n<!-- \/ Yoast SEO plugin. -->","yoast_head_json":{"title":"Philod\u00e9fi LETTRES - Philod\u00e9fi","robots":{"index":"index","follow":"follow","max-snippet":"max-snippet:-1","max-image-preview":"max-image-preview:large","max-video-preview":"max-video-preview:-1"},"canonical":"https:\/\/www.philodefi.fr\/index.php\/philodefi-lettres\/","og_locale":"fr_FR","og_type":"article","og_title":"Philod\u00e9fi LETTRES - Philod\u00e9fi","og_description":"Philod\u00e9fi se d\u00e9cline bient\u00f4t pour la litt\u00e9rature ! D\u00e9couvrez la carte d&rsquo;Hom\u00e8re D\u00e9couvrez la carte Voltaire Bient\u00f4t la suite de Philod\u00e9fi Lettres par B\u00e9n\u00e9dicte Marcireau ! Vous pouvez nous indiquer vos coordonn\u00e9es pour que nous vous contactions lorsque la version Lettres sera disponible :","og_url":"https:\/\/www.philodefi.fr\/index.php\/philodefi-lettres\/","og_site_name":"Philod\u00e9fi","article_publisher":"https:\/\/fr-fr.facebook.com\/Philodefi\/","article_modified_time":"2025-11-16T13:26:10+00:00","og_image":[{"width":676,"height":318,"url":"https:\/\/www.philodefi.fr\/wp-content\/uploads\/2025\/03\/logo_philodefi-lettres_01@2x.png","type":"image\/png"}],"twitter_card":"summary_large_image","twitter_misc":{"Dur\u00e9e de lecture estim\u00e9e":"2 minutes"},"schema":{"@context":"https:\/\/schema.org","@graph":[{"@type":"WebPage","@id":"https:\/\/www.philodefi.fr\/index.php\/philodefi-lettres\/","url":"https:\/\/www.philodefi.fr\/index.php\/philodefi-lettres\/","name":"Philod\u00e9fi LETTRES - Philod\u00e9fi","isPartOf":{"@id":"https:\/\/www.philodefi.fr\/#website"},"primaryImageOfPage":{"@id":"https:\/\/www.philodefi.fr\/index.php\/philodefi-lettres\/#primaryimage"},"image":{"@id":"https:\/\/www.philodefi.fr\/index.php\/philodefi-lettres\/#primaryimage"},"thumbnailUrl":"https:\/\/www.philodefi.fr\/wp-content\/uploads\/2025\/03\/logo_philodefi-lettres_01@2x.png","datePublished":"2025-03-15T14:44:07+00:00","dateModified":"2025-11-16T13:26:10+00:00","breadcrumb":{"@id":"https:\/\/www.philodefi.fr\/index.php\/philodefi-lettres\/#breadcrumb"},"inLanguage":"fr-FR","potentialAction":[{"@type":"ReadAction","target":["https:\/\/www.philodefi.fr\/index.php\/philodefi-lettres\/"]}]},{"@type":"ImageObject","inLanguage":"fr-FR","@id":"https:\/\/www.philodefi.fr\/index.php\/philodefi-lettres\/#primaryimage","url":"https:\/\/www.philodefi.fr\/wp-content\/uploads\/2025\/03\/logo_philodefi-lettres_01@2x.png","contentUrl":"https:\/\/www.philodefi.fr\/wp-content\/uploads\/2025\/03\/logo_philodefi-lettres_01@2x.png","width":676,"height":318},{"@type":"BreadcrumbList","@id":"https:\/\/www.philodefi.fr\/index.php\/philodefi-lettres\/#breadcrumb","itemListElement":[{"@type":"ListItem","position":1,"name":"Accueil","item":"https:\/\/www.philodefi.fr\/"},{"@type":"ListItem","position":2,"name":"Philod\u00e9fi LETTRES"}]},{"@type":"WebSite","@id":"https:\/\/www.philodefi.fr\/#website","url":"https:\/\/www.philodefi.fr\/","name":"Philod\u00e9fi","description":"Le jeu pour apprendre la philosophie autrement","publisher":{"@id":"https:\/\/www.philodefi.fr\/#organization"},"potentialAction":[{"@type":"SearchAction","target":{"@type":"EntryPoint","urlTemplate":"https:\/\/www.philodefi.fr\/?s={search_term_string}"},"query-input":{"@type":"PropertyValueSpecification","valueRequired":true,"valueName":"search_term_string"}}],"inLanguage":"fr-FR"},{"@type":"Organization","@id":"https:\/\/www.philodefi.fr\/#organization","name":"Philod\u00e9fi","url":"https:\/\/www.philodefi.fr\/","logo":{"@type":"ImageObject","inLanguage":"fr-FR","@id":"https:\/\/www.philodefi.fr\/#\/schema\/logo\/image\/","url":"https:\/\/www.philodefi.fr\/wp-content\/uploads\/2018\/10\/logo_philodefi-1.png","contentUrl":"https:\/\/www.philodefi.fr\/wp-content\/uploads\/2018\/10\/logo_philodefi-1.png","width":678,"height":222,"caption":"Philod\u00e9fi"},"image":{"@id":"https:\/\/www.philodefi.fr\/#\/schema\/logo\/image\/"},"sameAs":["https:\/\/fr-fr.facebook.com\/Philodefi\/","https:\/\/www.youtube.com\/channel\/UC_3N0HKscicsk2AIa0fP-tg"]}]}},"jetpack_sharing_enabled":true,"jetpack_shortlink":"https:\/\/wp.me\/PavdZ1-4SA","_links":{"self":[{"href":"https:\/\/www.philodefi.fr\/index.php\/wp-json\/wp\/v2\/pages\/18760","targetHints":{"allow":["GET"]}}],"collection":[{"href":"https:\/\/www.philodefi.fr\/index.php\/wp-json\/wp\/v2\/pages"}],"about":[{"href":"https:\/\/www.philodefi.fr\/index.php\/wp-json\/wp\/v2\/types\/page"}],"author":[{"embeddable":true,"href":"https:\/\/www.philodefi.fr\/index.php\/wp-json\/wp\/v2\/users\/1"}],"replies":[{"embeddable":true,"href":"https:\/\/www.philodefi.fr\/index.php\/wp-json\/wp\/v2\/comments?post=18760"}],"version-history":[{"count":27,"href":"https:\/\/www.philodefi.fr\/index.php\/wp-json\/wp\/v2\/pages\/18760\/revisions"}],"predecessor-version":[{"id":20309,"href":"https:\/\/www.philodefi.fr\/index.php\/wp-json\/wp\/v2\/pages\/18760\/revisions\/20309"}],"wp:featuredmedia":[{"embeddable":true,"href":"https:\/\/www.philodefi.fr\/index.php\/wp-json\/wp\/v2\/media\/18762"}],"wp:attachment":[{"href":"https:\/\/www.philodefi.fr\/index.php\/wp-json\/wp\/v2\/media?parent=18760"}],"curies":[{"name":"wp","href":"https:\/\/api.w.org\/{rel}","templated":true}]}}